, 24197
What are the prime factors of 26999681?
1201, 22481
What are the prime factors of 3737193?
3, 67, 18593
What are the prime factors of 173399?
317, 547
List the prime factors of 15253198.
2, 7626599
What are the prime factors of 41238997?
2267, 18191
What are the prime factors of 194862?
2, 3, 47, 691
What are the prime factors of 4762537?
13, 109, 3361
List the prime factors of 105758.
2, 52879
List the prime factors of 1217209.
7, 24841
What are the prime factors of 870859?
11, 17, 4657
List the prime factors of 424520.
2, 5, 10613
What are the prime factors of 2415570?
2, 3, 5, 73, 1103
What are the prime factors of 447504?
2, 3, 9323
What are the prime factors of 1061008?
2, 13, 5101
List the prime factors of 68845.
5, 7, 281
What are the prime factors of 1257187?
881, 1427
What are the prime factors of 13478277?
3, 19, 236461
List the prime factors of 17592538.
2, 37, 237737
List the prime factors of 1121077.
179, 6263
What are the prime factors of 4585079?
1249, 3671
What are the prime factors of 95497?
29, 37, 89
List the prime factors of 3798135.
3, 5, 11, 7673
List the prime factors of 53292.
2, 3, 4441
List the prime factors of 8966108.
2, 2241527
List the prime factors of 939964.
2, 17, 23, 601
What are the prime factors of 207627?
3, 7, 9887
What are the prime factors of 396777?
3, 19, 6961
List the prime factors of 2813209.
7, 401887
What are the prime factors of 2712155?
5, 19, 28549
List the prime factors of 11780925.
3, 5, 13, 43, 281
What are the prime factors of 216083?
7, 30869
List the prime factors of 580180.
2, 5, 29009
List the prime factors of 79636.
2, 43, 463
What are the prime factors of 16088597?
7, 31, 151, 491
What are the prime factors of 288168?
2, 3, 12007
List the prime factors of 2340403.
13, 41, 4391
List the prime factors of 1333730.
2, 5, 41, 3253
What are the prime factors of 1640761?
1640761
What are the prime factors of 97143?
3, 32381
List the prime factors of 181511.
11, 29, 569
List the prime factors of 28799398.
2, 14399699
List the prime factors of 802715.
5, 37, 4339
What are the prime factors of 4341790?
2, 5, 434179
What are the prime factors of 12272357?
12272357
List the prime factors of 674617.
349, 1933
What are the prime factors of 479153?
479153
List the prime factors of 465267.
3, 11, 23, 613
List the prime factors of 3436445.
5, 687289
What are the prime factors of 1267319?
19, 66701
List the prime factors of 933954.
2, 3, 7, 37, 601
List the prime factors of 1232661.
3, 251, 1637
What are the prime factors of 966603?
3, 11, 17, 1723
List the prime factors of 1069173.
3, 7, 5657
List the prime factors of 2631655.
5, 13, 40487
What are the prime factors of 13537609?
59, 3889
What are the prime factors of 630739?
37, 17047
List the prime factors of 27707210.
2, 5, 631, 4391
What are the prime factors of 4945010?
2, 5, 7, 41, 1723
List the prime factors of 7802636.
2, 467, 4177
List the prime factors of 941455.
5, 188291
What are the prime factors of 675654?
2, 3, 7, 16087
List the prime factors of 378762.
2, 3, 63127
What are the prime factors of 6626443?
6626443
What are the prime factors of 2276429?
2276429
List the prime factors of 3126676.
2, 7, 111667
What are the prime factors of 871740?
2, 3, 5, 29, 167
List the prime factors of 1104982.
2, 552491
List the prime factors of 3760385.
5, 19, 23, 1721
List the prime factors of 650579.
19, 97, 353
List the prime factors of 1215995.
5, 11, 22109
List the prime factors of 278428.
2, 47, 1481
List the prime factors of 772448.
2, 101, 239
List the prime factors of 4957978.
2, 191, 12979
What are the prime factors of 13428472?
2, 127, 13217
List the prime factors of 15179148.
2, 3, 421643
What are the prime factors of 3456871?
11, 314261
List the prime factors of 13847649.
3, 619, 7457
What are the prime factors of 4763?
11, 433
What are the prime factors of 1405200?
2, 3, 5, 1171
List the prime factors of 3070555.
5, 53, 11587
List the prime factors of 158558.
2, 79279
What are the prime factors of 589612?
2, 223, 661
List the prime factors of 750676.
2, 187669
List the prime factors of 11442685.
5, 61, 37517
List the prime factors of 94889.
94889
List the prime factors of 141856.
2, 11, 13, 31
List the prime factors of 416107.
416107
List the prime factors of 3113882.
2, 167, 9323
What are the prime factors of 2543427?
3, 94201
List the prime factors of 2464573.
263, 9371
List the prime factors of 1434293.
7, 61, 3359
List the prime factors of 495919.
19, 43, 607
List the prime factors of 395861.
503, 787
What are the prime factors of 20380441?
2879, 7079
What are the prime factors of 1090015?
5, 218003
List the prime factors of 214962.
2, 3, 11, 3257
List the prime factors of 5797419.
3, 29, 37, 1801
What are the prime factors of 1080032?
2, 33751
List the prime factors of 556959.
3, 13, 14281
What are the prime factors of 2302952?
2, 19, 109, 139
What are the prime factors of 23441489?
2803, 8363
What are the prime factors of 216474?
2, 3, 109, 331
List the prime factors of 156695.
5, 7, 11, 37
What are the prime factors of 17987587?
23, 37, 919
What are the prime factors of 661602?
2, 3, 31, 3557
List the prime factors of 212053.
53, 4001
List the prime factors of 884434.
2, 442217
What are the prime factors of 1756381?
11, 159671
What are the prime factors of 263569?
53, 4973
What are the prime factors of 16514401?
19, 869179
What are the prime factors of 6975240?
2, 3, 5, 37, 1571
List the prime factors of 164007.
3, 18223
What are the prime factors of 6442859?
59, 109201
What are the prime factors of 56619?
3, 233
What are the prime factors of 61096?
2, 7, 1091
What are the prime factors of 147177?
3, 23, 79
What are the prime factors of 1041966?
2, 3, 107, 541
List the prime factors of 559621.
653, 857
What are the prime factors of 472475?
5, 18899
What are the prime factors of 177179?
53, 3343
What are the prime factors of 100429?
7, 14347
List the prime factors of 372445.
5, 74489
What are the prime factors of 122537?
181, 677
What are the prime factors of 712703?
41, 17383
List the prime factors of 6830673.
3, 1277, 1783
What are the prime factors of 35198365?
5, 7039673
List the prime factors of 1207983.
3, 7, 23, 41, 61
What are the prime factors of 91153?
91153
What are the prime factors of 13205621?
11, 13, 92347
What are the prime factors of 8727566?
2, 4363783
List the prime factors of 4317696.
2, 3, 937
What are the prime factors of 153829?
13, 11833
List the prime factors of 214016.
2, 11, 19
List the prime factors of 603935.
5, 43, 53
List the prime factors of 846317.
19, 44543
List the prime factors of 9657380.
2, 5, 67, 7207
What are the prime factors of 15707072?
2, 19, 12917
List the prime factors of 1226745.
3, 5, 13, 233
List the prime factors of 427787.
427787
What are the prime factors of 1241430?
2, 3, 5, 41381
What are the prime factors of 133850?
2, 5, 2677
What are the prime factors of 170159?
11, 31, 499
What are the prime factors of 20842091?
53, 393247
What are the prime factors of 474614?
2, 7, 29, 167
What are the prime factors of 644100?
2, 3, 5, 19, 113
List the prime factors of 12047648.
2, 383, 983
List the prime factors of 9334096.
2, 43, 13567
What are the prime factors of 2486348?
2, 83, 7489
What are the prime factors of 804434?
2, 53, 7589
What are the prime factors of 10145794?
2, 5072897
List the prime factors of 8841259.
7, 29, 97, 449
List the prime factors of 2511013.
181, 13873
List the prime factors of 377203.
29, 13007
What are the prime factors of 1009924?
2, 252481
List the prime factors of 182184.
2, 3, 7591
What are the prime factors of 846946?
2, 73, 5801
What are the prime factors of 327593?
7, 53, 883
What are the prime factors of 1155815?
5, 271, 853
What are the prime factors of 547412?
2, 107, 1279
List the prime factors of 5702649.
3, 41, 71, 653
What are the prime factors of 13970040?
2, 3, 5, 7, 16631
List the prime factors of 1676094.
2, 3, 7, 5701
What are the prime factors of 1680706?
2, 840353
List the prime factors of 936937.
936937
What are the prime factors of 112067?
112067
List the prime factors of 316569.
3, 11, 53, 181
What are the prime factors of 16571445?
3, 5, 11, 67, 1499
List the prime factors of 5522708.
2, 1380677
List the prime factors of 10546